 composite number?
True
Suppose -5 = -5*y + 15. Let j be y/(-14) + 47/(-7). Is (-2140)/8*(j - -5) prime?
False
Suppose 4*p + 49 = 4*y - y, 2*y = 3*p + 32. Suppose -y*j = -6838 - 127473. Is j a composite number?
False
Suppose -2*p - 50*o + 48*o = -346002, -4*p = 3*o - 692012. Is p composite?
True
Suppose -4*y + f - 897 - 1674 = 0, 5*f - 1941 = 3*y. Let a be (-6277)/5 + 178/445. Let c = y - a. Is c prime?
True
Let k = -21 + 21. Suppose k = -4*a - 4*m + 43224, -m = -a + 6*a - 54010. Is a composite?
True
Suppose 34*q + 33*q + 1265284 = 71*q. Is q composite?
False
Suppose 4*x = 4*p + 5*x + 55000, 0 = -3*p + 4*x - 41250. Let w = -7941 - p. Is w composite?
True
Let z be (-3*1)/((72/56)/(-3)). Suppose -i + z*a = 6*a - 1214, a - 2437 = -2*i. Is i prime?
True
Suppose -31*t + 36*t - 60 = 0. Let r(d) = -6*d - d + 3*d**2 + 7 + t*d**2. Is r(-5) a prime number?
False
Suppose 4675 = 2*q - 2081. Is 6/4 - (5 - q/4) a prime number?
False
Let a(v) = -v. Let p(b) = 61*b - 9. Let f(c) = -3*a(c) - p(c). Is f(-8) prime?
False
Let o be 5*56/(-2660) + (74/(-19) - -2). Let c(v) = -76*v**2 - 12*v - 3. Let q(g) = -38*g**2 - 6*g - 2. Let d(z) = 3*c(z) - 7*q(z). Is d(o) a prime number?
False
Is (343476797/(-1555))/(2 + 22/(-10)) prime?
True
Suppose 952 + 878 = 5*t. Suppose 4*h - 2*h + t = 0. Is (-3 + h)/(-1 + -1) prime?
False
Is (1 + (-1)/3)/(940/128314230) a composite number?
True
Suppose 0 = -79*k + 49*k + 44*k - 37265158. Is k composite?
False
Let k = 366 - -1033. Suppose -2*z + 5131 - k = 0. Suppose a = 1 - 0, 5*g - z = -a. Is g a composite number?
False
Is 2*(-165219)/(-6)*209/209 a composite number?
False
Let q = 9792 - -7877. Is q a prime number?
True
Suppose -1194 = -4*n + 8458. Suppose 335 = -2*k - 4*y + n, 3*y + 4156 = 4*k. Is k prime?
True
Let b be (1 - 1772*-1) + 5. Let d = 1045 + b. Is d prime?
False
Let g be 15 - 3/(-2)*4/2. Suppose 3*s - g = -6. Is (2 + 9/(-6))/(s/664) prime?
True
Let z(r) = -r**3 + 5*r**2 + 14*r + 4. Let t be z(7). Is (-4 + 9 - 1) + (t - -2735) a composite number?
True
Let b = 2 + 0. Let t be (-1 - -1 - (-4 - -2))*4. Is (5298/t - 4/16)/b a prime number?
True
Suppose 5*c + 25 = 0, -c = u + c + 5. Suppose -4*r + y = -1868 - 11140, -r + u*y = -3271. Is r a prime number?
True
Let i(x) = -13*x**3 - 4*x - 4. Let j(w) = -27*w**3 - w**2 - 8*w - 9. Let p(y) = 5*i(y) - 2*j(y). Let m be p(-2). Suppose m + 165 = 3*c. Is c prime?
True
Suppose -6*d + 8*d + 632 = 0. Let j = d - -13307. Suppose -j = -5*t - 2226. Is t a composite number?
False
Let p be (2 + -2 + -3)*(-14 + 13). Suppose p*g = -n + 521, -3*n = -n + 5*g - 1038. Is n a composite number?
False
Let k = 2542 + -3772. Let b = 2317 - 222. Let n = k + b. Is n a prime number?
False
Let m be -33*((478/(-3) - -2) + -2). Suppose 2*f - 3*f - 5252 = -2*q, -2*q = 2*f - m. Is q composite?
True
Is (-3)/(-9) - 1699768/(-168) a composite number?
True
Let d = -20 - -24. Let f(l) = l**3 - 6*l**2 + 5*l + 1. Let j be f(d). Is 0 + 1 - 462/j a composite number?
False
Let a(o) = -65 + 15 + 10*o - 13 + 204*o. Is a(8) a prime number?
False
Suppose 10*g + 238*g = 84495832. Is g a prime number?
True
Suppose -6695 = -3*r - 2*r. Let h be (0 - -3 - 0)*(-126)/(-54) + -4. Suppose 4*v + 8*a = h*a + r, -a + 3 = 0. Is v a composite number?
False
Suppose 7384 = 26*q - 34*q. Let w = 1536 - q. Is w a prime number?
True
Let f(x) = 69*x**2 - 6*x - 1. Suppose -5*g - 10 + 25 = 0. Let m be f(g). Suppose c + 5*h = m, 2*c - 1186 = -8*h + 4*h. Is c composite?
False
Let m = 2390 + 955. Is m/3 - (-5 - -5) composite?
True
Suppose 5857895 = 2*t + 1961*j - 1958*j, -2928916 = -t - 5*j. Is t a composite number?
True
Let b(a) = -2172*a - 2887. Is b(-19) a composite number?
True
Suppose -33*g = -339048 + 21126. Let w = 17987 - g. Is w a prime number?
True
Let l = -379931 - -538002. Is l composite?
False
Let a(i) = 259*i**2 + 140*i - 2449. Is a(20) composite?
False
Let k(p) = -p**2 + 16*p - 8. Let r be k(11). Suppose 5*m - r = -2*i, -6*m = -2*i - 2*m + 38. Suppose i*v - 24*v = -318. Is v prime?
False
Let z = 54 + -692. Is -1 + (-11438)/(-11) + (-116)/z composite?
False
Let s(x) = 15*x**3 + 396*x**2 + 24*x + 34. Is s(-15) composite?
False
Let z = 22293 + 45848. Is z a composite number?
False
Let l(n) = -53*n + 300. Let s(m) = -157*m + 898. Let i(f) = -11*l(f) + 4*s(f). Is i(-23) composite?
False
Let l be -1 - 1 - (-4)/((-4)/(-217)). Suppose 2*h - 7 = l. Is h a prime number?
False
Suppose -9*c + 241 = -659. Let f = c - -49. Is f composite?
False
Let t(y) be the second derivative of -3*y**6/40 - 37*y**5/120 + 23*y**4/12 + 10*y. Let z(a) be the third derivative of t(a). Is z(-11) composite?
False
Let p(t) = 20*t**2 - 72*t + 11. Is p(-6) composite?
False
Let b = 294916 + 49447. Is b prime?
True
Let b(q) be the second derivative of -409*q**5/5 + q**4/12 + q**3/3 + q**2 + 28*q. Is b(-1) prime?
True
Let q = -1867710 + 3658813. Is q composite?
True
Let n(b) = -2*b**2 - 5*b - 3. Let s be n(-3). Let z(m) = -3*m - 15. Let c be z(s). Suppose 2140 - 6172 = -4*g + 4*h, h + 3026 = c*g. Is g a composite number?
False
Let z = 176828 - 32641. Is z prime?
False
Suppose 3*u + 18 = -3*y, -u - 21 = 3*y - 5. Is u/(-4 + (-326572)/(-81644)) a composite number?
False
Let s be 1*(2/2 + 0). Let i be (13 + -12)/(s/(-4463)). Let l = 7114 + i. Is l a prime number?
False
Let f = -36 + 31. Let s(d) = 177*d**2 - 23*d - 9. Is s(f) composite?
True
Let n(x) = -5*x - 35. Let k be n(-8). Suppose 0 = -k*m + 4*a + 6390, -2977 - 2156 = -4*m - a. Is m prime?
False
Suppose 2*l - 5*n = 15, 0 = -4*l + 5*n - n + 12. Suppose 5*d - 38580 = -i, i - 5*i - 20 = l. Is d composite?
False
Suppose 316169 = d - 3*l, -851256 = -3*d + 2*l + 97293. Is d composite?
True
Let k = 21117 - 9400. Is k a composite number?
False
Suppose 5*o = 7*p - 2*p - 5, -5*o - 9 = -3*p. Is (1/o)/((-67)/2269491) prime?
False
Suppose -282111 = -5*t - 97977 + 112531. Is t prime?
True
Suppose 3*t + 4*y - 35 = 0, 3*y = 3*t - 8*t + 62. Is 266536/104 - (0 + (-2)/t) a composite number?
True
Let u be 4 - ((-74)/10 - 20/(-50)). Suppose -u*j = -10999 - 8064. Is j composite?
False
Let a = 220818 - 47615. Is a prime?
False
Let l(q) = -1412*q + 312701. Is l(0) prime?
True
Let b(n) = n**3 - n**2 + n. Let g be b(0). Suppose 15*y - 9*y - 5004 = g. Let c = -419 + y. Is c prime?
False
Let w be 3/12 + (-10050)/(-24). Suppose -w = -a + 732. Is a a composite number?
False
Let k(u) be the first derivative of u**3 + 2*u**2 - 8*u - 23. Let v be k(-4). Is v/8 + (4 - 2 - -330) a composite number?
True
Let n(r) = 3*r**2 - 9*r + 30. Let l be n(-9). Suppose 0 = -u + l + 308. Is u a composite number?
True
Let l = 612 - -38. Suppose 0 = -l*u + 643*u + 15253. Is u prime?
True
Suppose 0 = -73*v + 87*v + 4704. Is 34908/7 - (-12)/v*-4 a prime number?
True
Suppose -6*k + k + t + 28 = 0, 5*k - 2*t - 31 = 0. Suppose 3*z = -k*j - 26, 0 = 4*j - 2*j - 4*z. Is (3*j/(-12))/((-1)/(-503)) a composite number?
False
Let o(u) = 2*u**3 - u**2 + 12*u - 11. Let a be o(1). Let k = -3 - -5. Suppose -178 = -r - 4*q + 1389, 0 = -a*q + k. Is r a composite number?
True
Let m = 5906 + 1133. Is m a prime number?
True
Let g(u) = -u**3 + 7*u**2 + 11*u + 2. Let c(s) = s**2 + 5*s - 24. Let w be c(-8). Suppose 0 = -5*h - 5*f + 50, 5*h + 2*f - 42 - 2 = w. Is g(h) composite?
True
Let j = 61 + -31. Suppose 2*w + 4*n = -3*w + j, -n = -2*w + 12. Suppose 0 = -c + r + 210, -4*c + 3*r - 425 = -w*c. Is c a prime number?
True
Let k(r) = r**3 - 9*r**2 + 12*r + 12. Let y be k(7). Let t(m) = -42*m**3 + m**2 + 4*m + 3. Let w be t(y). Suppose -w = 11*l - 14184. Is l prime?
True
Let f(x) be the first derivative of 37*x**2 + 49*x - 44. Is f(12) composite?
False
Suppose -2*y + 39 = -3. Suppose 4*h + y - 37 = 0. Suppose u - 369 = -h*d + 2643, -d - 3*u = -753. Is d prime?
False
Let p(b) be the third derivative of 3/40*b**6 + 3/8*b**4 + 0*b + 7/6*b**3 + 1/15*b**5 - 13*b**2 + 0. Is p(7) a prime number?
False
Suppose 6 = h + 4*b, 2*h - b = h + 26. Let u = 650 - h. Let y = u + 3. Is y prime?
True
Let c be 389*(-5 + 1 + 9 + -3). Let x = -35 + c. Is x composite?
False
Suppose -39*a + 40*a = -1. Let g be (186/9 - 7)/(a/(-21)). Is ((-4 - (-4 + 0)) + 1)*g prime?
False
Suppose -356*o + 196924975 = -41645440 + 21328179. Is o prime?
False
Is -66813*((-55)/11 - -4) composite?
True
Let n(w) = 10*w**2 - 3*w + 1 + 0*w - 5 - 2